he first derivative of -i**4/4 + 5*i**3/3 + 3*i**2 + 3*i + 255. Let q = -13 - -9. Let o be 1*q*-1 + 2. Give z(o).
3
Let g(v) = 3*v - 3. Suppose -10 = -3*i + 4*i - 5*u, 2*u = i + 7. Calculate g(i).
-18
Let k be -4*17/102*30/(-4). Let z(t) = t**3 - 7*t**2 + 5*t + 6. Let n be z(6). Let g(j) = 5 + 0*j**2 + n + 4*j - j**2. What is g(k)?
0
Let b(d) = -6*d**2 + d + 9. Let g(f) = -7*f**2 + 2*f + 10. Let z(t) = 6*b(t) - 5*g(t). Suppose 10 = -4*j - 6. Calculate z(j).
4
Let z(t) = 4*t**3 - t**2 - 8*t - 1. Let i(p) = 7*p**3 - 15*p - 1. Let x(g) = -3*i(g) + 5*z(g). Give x(-6).
4
Let b(x) be the second derivative of -x**4/12 + x**3 - x**2 - 4*x. Let a be b(6). Let y(z) = 2*z**2 + 0*z + 2*z - 3*z + 2*z**3 + 2. Determine y(a).
-4
Suppose -20*b + 21*b = -30. Let f = -35 - b. Let k(i) = -2*i**2 - 7*i + 2. Determine k(f).
-13
Let h(z) = -z + 14. Let b be h(10). Suppose b*g - 12 = -0*g. Suppose -5*n - 2*a + 18 = 0, 0 = -g*n + 5*a - 1 - 13. Let j(l) = -l + 2. Determine j(n).
0
Suppose 5*i + 3*n + 2*n = 185, 4*n + 4 = 0. Let w(r) = 2 - i*r**2 - 33*r**2 + 69*r**2. Give w(-2).
-6
Let n(g) = 2*g + 27. Let l(b) = b + 14. Let c(r) = 5*l(r) - 3*n(r). Let q(w) = w**2 - 9*w - 10. Let i be q(10). What is c(i)?
-11
Let u(a) = -a**2 - 9*a - 7. Suppose 122 = 6*z - 3*z - 5*h, z - 2*h = 41. Let r = z - 46. Give u(r).
7
Let p(v) be the first derivative of v - 10 + 2*v**2 - 1/4*v**4 - v**3. Calculate p(-4).
1
Let s(v) = -12*v + 5. Let k(h) = -114*h + 48. Let p(d) = -5*k(d) + 48*s(d). Let q = 80 + -78. Determine p(q).
-12
Let i(q) be the second derivative of q**4/12 + q**3 - 2*q**2 + 3*q + 7. What is i(-7)?
3
Let f = 29 + -25. Suppose -13 + 1 = -f*o. Let i(k) = -k**3 + 3*k**2 + 1. Calculate i(o).
1
Let r(b) = -b**2 - 7*b + 3. Let d(g) = g**3 - 7*g**2 + 9*g - 2. Let u be d(6). Suppose -5*t - u = 4*k - 0, -3*k - t = 23. Calculate r(k).
-15
Let b(p) = -33 - 34*p**2 + 40 + 33*p**2. Let r = -18 + 13. Determine b(r).
-18
Let v(b) be the second derivative of 0 - 1/3*b**3 - 3*b + 3/2*b**2. Calculate v(4).
-5
Let v(x) be the first derivative of -2*x**3/3 + 2*x**2 - x + 2. Let j = -5255 - -5259. Determine v(j).
-17
Let y(m) = -m - 7. Let n = -81 - 24. Let h = 102 + n. What is y(h)?
-4
Let f = 18 - 15. Suppose 5*w = -2*i + 36, 4*i + 0*i = -f*w + 30. Let k(s) = -5*s + 4 + w*s - 2. What is k(3)?
5
Suppose 0 = -2*m + k - 2*k, m = -k - 1. Let y(h) = -25*h. Let g(j) = -13*j + 4 - 1 - 3. Let n(b) = -5*g(b) + 2*y(b). What is n(m)?
15
Let c(d) be the first derivative of 14*d + 11*d - 16 - 25*d - 2*d**2. Let p(u) = u**2 + 7*u + 5. Let t be p(-6). Give c(t).
4
Let f(c) be the third derivative of c**5/60 - 7*c**4/24 - c**3/3 - 3*c**2 + 7. What is f(8)?
6
Let g be ((-18)/21)/((-2)/14). Let y(s) = 4 - 10 + 9 - s + 1 + 1. Determine y(g).
-1
Let l(x) = x**2 + 2*x. Let n be ((-21)/6)/((-25)/(-8) - 3). Let s be 2*4/12 - n/(-6). What is l(s)?
8
Let j(w) = -2*w. Let r be j(-1). Let b be 6 + -4 + r + -9. Let i(n) = -n**2 - 6*n + 1. Determine i(b).
6
Suppose -557*i + 534*i + 138 = 0. Let h(p) = p**3 - 4*p**2 - 10*p - 15. Calculate h(i).
-3
Let u(s) = -s**2. Let m(h) = 5*h + 31*h**2 - 9*h**2 - 19*h**2 + 5. Suppose -r + 2*z - 18 = 4*r, 3*r + 14 = 2*z. Let n(v) = r*u(v) - m(v). What is n(-5)?
-5
Suppose 1 = 7*u - 6. Let d(t) = -2*t**2 + 9 - 4*t**2 - 8. Calculate d(u).
-5
Let s(f) = -f**3 + 6*f**2 - 6*f - 4. Let p be s(3). Let x be p + (5 - 7 - -3). Let k(j) = -j**2 + 5*j + 5. What is k(x)?
-1
Let r(l) = l - 6. Suppose 9*t - 18 = -9. Suppose d - t = 3. What is r(d)?
-2
Let k(m) be the first derivative of 3*m**2/2 - m - 1. Suppose -3 = -3*x - l, -3*l = -0*x + 3*x + 3. Let o(f) = -f + 1. Let a(j) = x*o(j) + k(j). Determine a(3).
4
Suppose 2*t = 4*t - 12. Let j(n) be the second derivative of n**3/3 - 3*n**2 - 276*n. Determine j(t).
6
Suppose 6 = 5*i - 3*i. Suppose -7 = -i*v + 5. Let n(w) = 2*w**2 - 5*w. Give n(v).
12
Let y = 13 - 18. Let i = y + 7. Let l(q) = 2*q - 1. Calculate l(i).
3
Let q(d) be the third derivative of -d**4/8 + 2*d**3/3 - 21*d**2. Let n = -53 + 57. Calculate q(n).
-8
Suppose -331*v = -334*v + 24. Let u(b) = b**3 - 8*b**2 + 2*b - 8. Calculate u(v).
8
Let x(i) be the second derivative of -1/6*i**4 + 0 + 1/20*i**5 + 40*i + 1/6*i**3 - 3/2*i**2. Give x(3).
9
Let n(s) = s**2 + 6*s + 10. Let p = -138 - -133. Give n(p).
5
Let d be (-2)/(-2) - (15 + -114). Suppose -11*o = -6*o - d. Suppose -7*r - o = -2*r. Let t(v) = v**3 + 5*v**2 + 5*v + 5. Determine t(r).
1
Let q(i) = 3*i**3 - 19*i**2 - 13*i + 15. Let j(f) = -17*f**3 + 96*f**2 + 64*f - 77. Let d(h) = 2*j(h) + 11*q(h). Give d(-16).
-5
Let k(u) = -15 - 27*u + 21*u - 21*u + 23*u. Give k(-3).
-3
Let b(z) be the first derivative of z**3/3 - 9*z**2/2 + 13*z + 116. Determine b(9).
13
Let q be 6/(-5) + (-5 - (-594)/45). Let s(z) = 4*z - 16. Give s(q).
12
Let z(j) be the third derivative of j**6/120 + 3*j**5/20 + j**4/2 + 3*j**3/2 - 13*j**2 - 5. Give z(-8).
-23
Suppose -r + 5 = -5*o - 1, 5*r - 30 = 2*o. Let z be (-2 - 0) + r - -3. Let h(j) = j**2 - 8*j + 8. What is h(z)?
1
Suppose -a + 0 = -4. Let b(w) = 3*w - 6*w**2 - 14 + w**3 + 18 + w**2. What is b(a)?
0
Let p be (-21)/(-189)*6/4. Let t(d) be the third derivative of 0*d + 4*d**2 - 1/12*d**4 + 0 + 1/60*d**5 - 1/120*d**6 - p*d**3. Determine t(2).
-9
Let q(y) = 6*y + 26. Let k(m) be the second derivative of m**3/6 + 5*m**2/2 - 20*m. Let c(i) = 11*k(i) - 2*q(i). Calculate c(5).
-2
Suppose 10*z = -6*z. Let b(g) be the third derivative of 1/12*g**5 + z*g + 5/24*g**4 + 0 + 1/2*g**3 + 1/120*g**6 - 4*g**2. Calculate b(-3).
6
Let k(r) = 5*r**2 + 9*r + 7. Let y(u) = 7*u**2 + 10*u + 4. Let q(h) = -4*k(h) + 3*y(h). What is q(8)?
0
Let h be 0*(-3)/12 - 2. Let q(x) be the first derivative of x**5/20 + x**4/4 + x**2/2 + 5*x - 3. Let g(c) be the first derivative of q(c). Give g(h).
5
Let g = 110 - 78. Let j = 34 - g. Let d(z) = z**3 + z**2 + 1. Calculate d(j).
13
Let n(b) be the first derivative of -b**2 - 4*b + 36. What is n(0)?
-4
Let b(n) = 2*n**3 + 4*n**2 - 2*n**2 - 4*n**2. Suppose 10*g - 9 = 11. Give b(g).
8
Let l(y) = y**3 - y**2 - 2. Let a(k) = -3*k**3 + 9*k**2 + k + 6. Let q(b) = -a(b) - 4*l(b). Give q(-5).
7
Let x(m) be the first derivative of 1/3*m**3 - 1 + 0*m**2 + m. Let h = -1 + 3. Calculate x(h).
5
Let i(p) = -p**3 - p**2 - 1. Let o(h) = -2 - 4*h**2 + 4*h**3 - 17*h - 1 + 8*h. Let x(w) = -5*i(w) - o(w). Give x(-8).
0
Let b(s) be the second derivative of -s**3/6 + 3*s**2/2 + 2*s. Suppose 28 = -q + 5*k, 0*k + k - 5 = 0. Calculate b(q).
6
Suppose -3*a + q = 2*a - 15, 2*q = -3*a - 4. Suppose c + v = 0, a*c - 2*v = -3 + 11. Let h(s) = -6 + 1 - s**c + 6*s + 0. What is h(5)?
0
Let w = -9 - -4. Let t = -3 + w. Let q(l) = -15 - l**2 - 4*l - 4*l + 18. Determine q(t).
3
Let b(u) be the third derivative of 0*u - 1/6*u**3 + 1/60*u**5 + 0 + 1/24*u**4 - 18*u**2. What is b(-2)?
1
Let q(d) = -2*d**2 + 23*d - 11. Let z(c) = 19*c + 106. Let f be z(-5). Calculate q(f).
0
Let f(p) be the first derivative of p**3/3 + 6*p**2 + 12*p + 279. Calculate f(-10).
-8
Let s(t) = -42*t - 2*t + 21 + 41*t. Give s(7).
0
Let j(r) = 7*r - 11. Let t(c) be the first derivative of 15*c**2/2 - 24*c + 36. Let i(f) = -7*j(f) + 3*t(f). Give i(2).
-3
Let k(y) = -y**2 - y + 2. Let n = 85 - 124. Let m = n + 41. What is k(m)?
-4
Suppose 4*o - 636 = 16*o. Let l = -48 - o. Let f(w) = -w**3 + 4*w**2 + 8*w - 5. Determine f(l).
10
Let v(a) = a**2 - 2*a + 1. Suppose -4*x = -3*x. Suppose 10*k - 6*k - 8 = x. Give v(k).
1
Let p(h) be the third derivative of -h**6/30 - h**5/30 - h**4/6 - h**3/2 - 38*h**2. Determine p(-2).
29
Let y(q) = q**2 + 10*q - 2. Let r = -67 - -58. What is y(r)?
-11
Let a(z) = z**3 - 8*z**2 - z + 6. Let c be 6/45 - (-8)/(-60). Suppose -8*i + 91 - 27 = c. Determine a(i).
-2
Suppose -3*c = 2*c - 535. Let l = c + -110. Let j(i) = 3*i**2 + 3*i - 2. Calculate j(l).
16
Let l(g) be the second derivative of -2*g**4/3 + g**2/2 - g. Let x(n) = -n**2 - 3*n + 5. Let f = -20 - -16. Let j be x(f). Determine l(j).
-7
Let b(f) = -3*f**3 + 22*f**2 + 36*f - 33. Let i(z) = 2*z**3 - 15*z**2 - 24*z + 22. Let m(d) = 5*b(d) + 8*i(d). Give m(11).
0
Let h(x) be the first derivative of x**4/2 - 7*x**3/3 - x**2/2 + 6. Give h(3).
-12
Suppose 0 = -2*j + 7 + 15. Let h(m) = 1 - m**2 + j - 5*m**2 + 9*m. Let l(g) = 4*g**2 - 6*g - 8. Let u(p) = -5*h(p) - 8*l(p). What is u(3)?
-5
L